 the hundreds digit of 3651133?
1
What is the ten thousands digit of 1422186?
2
What is the millions digit of 1417458?
1
What is the thousands digit of 391372?
1
What is the hundreds digit of 7498373?
3
What is the ten thousands digit of 383339?
8
What is the thousands digit of 611239?
1
What is the ten thousands digit of 778414?
7
What is the thousands digit of 77559?
7
What is the units digit of 357588?
8
What is the thousands digit of 517578?
7
What is the millions digit of 2884121?
2
What is the units digit of 49658?
8
What is the units digit of 13980?
0
What is the hundreds digit of 4586264?
2
What is the millions digit of 1015768?
1
What is the tens digit of 3977?
7
What is the hundred thousands digit of 6989152?
9
What is the millions digit of 1190976?
1
What is the hundred thousands digit of 6134546?
1
What is the ten millions digit of 14543534?
1
What is the thousands digit of 744021?
4
What is the hundred thousands digit of 510616?
5
What is the thousands digit of 258044?
8
What is the hundred thousands digit of 444928?
4
What is the thousands digit of 16545963?
5
What is the ten thousands digit of 233462?
3
What is the ten thousands digit of 313279?
1
What is the hundreds digit of 1056236?
2
What is the tens digit of 9272483?
8
What is the tens digit of 12030285?
8
What is the units digit of 3023760?
0
What is the hundred thousands digit of 14087251?
0
What is the tens digit of 13043440?
4
What is the hundreds digit of 233459?
4
What is the tens digit of 1531431?
3
What is the tens digit of 1571129?
2
What is the thousands digit of 299272?
9
What is the tens digit of 4003580?
8
What is the tens digit of 239706?
0
What is the units digit of 538232?
2
What is the units digit of 134685?
5
What is the ten thousands digit of 1300198?
0
What is the units digit of 4510294?
4
What is the hundred thousands digit of 36016142?
0
What is the ten thousands digit of 12366213?
6
What is the ten thousands digit of 270921?
7
What is the tens digit of 5185?
8
What is the thousands digit of 375589?
5
What is the thousands digit of 149379?
9
What is the hundred thousands digit of 347494?
3
What is the tens digit of 327999?
9
What is the ten thousands digit of 6233476?
3
What is the hundred thousands digit of 4372889?
3
What is the thousands digit of 1680575?
0
What is the thousands digit of 958574?
8
What is the ten thousands digit of 1115540?
1
What is the ten thousands digit of 2372407?
7
What is the hundreds digit of 43122?
1
What is the hundreds digit of 2137671?
6
What is the thousands digit of 2159814?
9
What is the tens digit of 17201312?
1
What is the tens digit of 289291?
9
What is the tens digit of 376819?
1
What is the hundreds digit of 234357?
3
What is the ten thousands digit of 36411?
3
What is the units digit of 12414487?
7
What is the tens digit of 136119?
1
What is the tens digit of 5569588?
8
What is the hundred thousands digit of 6902918?
9
What is the hundreds digit of 1356934?
9
What is the ten thousands digit of 7110883?
1
What is the hundreds digit of 24840983?
9
What is the millions digit of 1611413?
1
What is the tens digit of 875234?
3
What is the thousands digit of 12423857?
3
What is the units digit of 149705?
5
What is the units digit of 2114735?
5
What is the ten thousands digit of 201678?
0
What is the units digit of 157738?
8
What is the thousands digit of 316672?
6
What is the tens digit of 3353618?
1
What is the millions digit of 7848732?
7
What is the thousands digit of 421078?
1
What is the ten thousands digit of 22769553?
6
What is the thousands digit of 4047000?
7
What is the thousands digit of 628041?
8
What is the thousands digit of 326574?
6
What is the hundreds digit of 113439?
4
What is the millions digit of 1090645?
1
What is the hundreds digit of 11048086?
0
What is the tens digit of 93604?
0
What is the units digit of 685114?
4
What is the ten thousands digit of 447242?
4
What is the tens digit of 584461?
6
What is the thousands digit of 15385378?
5
What is the hundred thousands digit of 8122207?
1
What is the thousands digit of 1828786?
8
What is the hundred thousands digit of 1885111?
8
What is the units digit of 22466450?
0
What is the hundreds digit of 414883?
8
What is the hundreds digit of 220817?
8
What is the millions digit of 2653771?
2
What is the ten thousands digit of 878489?
7
What is the units digit of 10624528?
8
What is the ten millions digit of 17667915?
1
What is the ten thousands digit of 1583888?
8
What is the ten thousands digit of 384696?
8
What is the tens digit of 148047?
4
What is the ten thousands digit of 267573?
6
What is the ten thousands digit of 15188610?
8
What is the hundreds digit of 32264603?
6
What is the tens digit of 199170?
7
What is the millions digit of 1878537?
1
What is the ten millions digit of 22846710?
2
What is the units digit of 536096?
6
What is the thousands digit of 3475583?
5
What is the ten thousands digit of 385361?
8
What is the units digit of 267474?
4
What is the tens digit of 15288508?
0
What is the thousands digit of 928988?
8
What is the thousands digit of 398204?
8
What is the tens digit of 128938?
3
What is the hundreds digit of 326654?
6
What is the thousands digit of 451178?
1
What is the thousands digit of 194635?
4
What is the tens digit of 526268?
6
What is the hundreds digit of 15111189?
1
What is the hundreds digit of 281505?
5
What is the ten thousands digit of 711011?
1
What is the millions digit of 12162988?
2
What is the hundred thousands digit of 17806266?
8
What is the millions digit of 26925245?
6
What is the hundred thousands digit of 28525228?
5
What is the hundreds digit of 3142293?
2
What is the thousands digit of 139550?
9
What is the hundred thousands digit of 116644?
1
What is the hundreds digit of 258031?
0
What is the units digit of 82336?
6
What is the units digit of 373192?
2
What is the hundreds digit of 1127596?
5
What is the units digit of 8013576?
6
What is the tens digit of 909532?
3
What is the tens digit of 2485578?
7
What is the hundred thousands digit of 7615473?
6
What is the ten thousands digit of 387840?
8
What is the hundred thousands digit of 1307031?
3
What is the hundred thousands digit of 7830679?
8
What is the ten thousands digit of 2758872?
5
What is the thousands digit of 1221617?
1
What is the ten thousands digit of 819479?
1
What is the hundreds digit of 3024311?
3
What is the millions digit of 3468231?
3
What is the hundred thousands digit of 265211?
2
What is the ten thousands digit of 1069344?
6
What is the tens digit of 8865965?
6
What is the millions digit of 5247100?
5
What is the tens digit of 10070620?
2
What is the ten thousands digit of 1708825?
0
What is the thousands digit of 947150?
7
What is the tens digit of 607188?
8
What is the hundred thousands digit of 436986?
4
What is the tens digit of 20757703?
0
What is the hundred thousands digit of 155840?
1
What is the hundreds digit of 3373491?
4
What is the tens digit of 3695127?
2
What is the hundred thousands digit of 2462533?
4
What is the units digit of 138041?
1
What is the thousands digit of 3344?
3
What is the tens digit of 8940959?
5
What is the ten thousands digit of 225261?
2
What is the ten thousands digit of 59739?
5
What is the hundreds digit of 1719187?
1
What is the ten thousands digit of 254982?
5
What is the hundred thousands digit of 9756613?
7
What is the tens digit of 5528017?
1
What is the hundreds digit of 3235259?
2
What is the units digit of 1408515?
5
What is the thousands digit of 4670966?
0
What is the hundreds digit of 11544948?
9
What is the ten thousands digit of 7966451?
6
What is the tens digit of 4650678?
7
What is the hundred thousands digit of 18519192?
5
What is the thousands digit of 360324?
0
What is the tens digit of 483929?
2
What is the hundred thousands digit of 26555721?
5
What is the thousands digit of 364540?
4
What is the units digit of 2347593?
3
What is the ten thousands digit of 1824733?
2
What is the ten thousands digit of 1946777?
4
What is the hundred thousands digit of 742282?
7
What is the thousands digit of 2340384?
0
What is the hundred thousands digit of 654769?
6
What is the ten thousands digit of 10571632?
7
What is the units digit of 9092548?
8
What is the ten thousands digit